t is the remainder when m is divided by 17?
15
Let w = -8151 + 8377. What is the remainder when 238 is divided by w?
12
Let q = 6 + -4. Suppose -q*s + 5*m + 9 = 0, 5*s = 2*s - 3*m + 66. Calculate the remainder when (-3 - s/(-5))*380/2 is divided by 13.
11
Let c(b) = b**3 + 5*b**2 - 210*b - 634. What is the remainder when 638 is divided by c(-3)?
8
Suppose w - 9744 = -9603. What is the remainder when w is divided by 79?
62
Let k(u) = 48*u**2 + 58*u + 14. Calculate the remainder when k(-4) is divided by 521.
29
Suppose -33*u - 240 = -36*u. Let i = u + -82. Let z(a) = -13*a + 1. Calculate the remainder when 103 is divided by z(i).
22
Let l be (-2397)/12 - 3/12. Suppose 9*c = -11*c + 260. What is the remainder when (-28)/8*l/14 is divided by c?
11
Let q = 4127 - 4079. What is the remainder when 194 is divided by q?
2
Calculate the remainder when 579 is divided by 415*(33/15 + -2).
81
Suppose 4*b + 3*v - 65 = 0, 3*b = -v + 3*v + 53. Suppose -6*m - b + 143 = 0. Let o = 0 + 12. What is the remainder when m is divided by o?
9
Let r(j) = j**2 + 2*j + 27. Suppose 0 = f + 11*f - 192. What is the remainder when r(-16) is divided by f?
11
Let k be 12873/(-28)*(-4)/3. Suppose 3*o - 453 = -3*a, 0*a + o = -4*a + k. What is the remainder when a is divided by 44?
22
Suppose -34*h + 29*h = 4*r - 48, 0 = 3*h + 12. What is the remainder when 155 is divided by r?
2
Let d(v) = -52*v + 2. Let w = 518 - -220. Calculate the remainder when d(-3) is divided by w/23 + 4/(-46).
30
Let q(g) = -22*g**3 + 2*g**2 + 47*g + 118. What is the remainder when q(-7) is divided by 143?
140
Suppose -18*i + 2981 - 508 = -1469. Calculate the remainder when 815 is divided by i.
158
Suppose -4*j + 2*o = -68, 0 = 2*o + 2 - 6. Suppose 3*n - 5*a - 25 = 0, 0*a + 4*a + 20 = -4*n. What is the remainder when 50 - n*4/(-8) is divided by j?
14
Suppose -m - 3*t = -22, -4*m + 20 = -2*t - 3*t. Let n = m + -5. Calculate the remainder when -22 + 9 + (1 - -31) is divided by n.
4
Suppose -2*q = 3*a - 5*q - 165, 0 = -3*a - q + 145. Let u = 333555 + -333259. Calculate the remainder when u is divided by a.
46
What is the remainder when ((-4 + (-18)/(-4))*15)/((-61)/(-10614)) is divided by 260?
5
Suppose -5*l = -2*k - 1060, -1025 = -5*l - 13*k + 8*k. What is the remainder when l is divided by 9?
3
Suppose -u + 0*d + 82 = 5*d, 206 = 3*u + 5*d. Let z(f) = -7*f + 65. Let s be z(26). Let q = s - -134. Calculate the remainder when u is divided by q.
11
Let z = 30 - 30. Suppose 2*g - 3*f = 14, -22 = -z*g - 5*g + f. What is the remainder when -1*(-3 - -5 - 17) is divided by g?
3
Let x(c) = -c**3 - 8*c**2 + 2*c + 25. Let k = -18 - -9. Calculate the remainder when x(k) is divided by 46.
42
Let h(d) = -722*d + 1491. What is the remainder when h(2) is divided by (-3)/(-2)*128/24?
7
Suppose -60*d = -57*d - 603. Suppose 4*i - d = -69. Let r = 41 - 23. Calculate the remainder when i is divided by r.
15
What is the remainder when 313 is divided by (-3 - (-33)/3) + 0 - (-5080)/127?
25
Suppose 596 = 3*s + s. Let r(m) = -83*m - 87. Let x be r(-6). Let f = 449 - x. Calculate the remainder when s is divided by f.
35
Suppose -2 = 2*f - 2*x, 0 = -2*f + 5*x - 2*x - 3. Let j = -137 - -219. Suppose f = -0*t - t + j. What is the remainder when t is divided by 21?
19
Let o(b) = -b**3 + 13*b**2 - 329*b + 3810. Calculate the remainder when 1139 is divided by o(12).
5
Suppose -1750 + 106 = -5*y + 851. Calculate the remainder when y is divided by 63.
58
Let t = 119 + -103. Calculate the remainder when 201 is divided by ((-12)/t)/(7/(-504)).
39
Suppose -3*k + 6*c = 4*c - 23, 2*c + 34 = 4*k. Let w(f) = -4*f**2 - 4 + 0*f - 10*f**2 + 12*f + f**3 + 2*f**2. What is the remainder when 12 is divided by w(k)?
5
Let h be -2 + (-3 + (2 - 0))*-11. Suppose -h*d = -d - 96. What is the remainder when 35 is divided by d?
11
Suppose -163 = k - 3*s + 44, 0 = k - 2*s + 205. Let m = k - -254. What is the remainder when 234 is divided by m?
22
Suppose 2*w - 11*y - 48 = -9*y, -3*w + 6*y + 75 = 0. Calculate the remainder when 112 is divided by w.
20
Suppose -2*j - 50 + 256 = 0. Let c = 78445 - 78430. What is the remainder when j is divided by c?
13
Let s(h) = h**2 + 3*h - 8. Suppose 306 = 34*v - 0*v. Suppose v*w + 5*w - 266 = 0. Calculate the remainder when w is divided by s(-6).
9
Let b(l) = 7*l**2 - 2*l + 2. Let t be b(1). Let p = 27 - t. Suppose -2*f - p = -66. Calculate the remainder when 91 is divided by f.
22
What is the remainder when (0 - 127 - (-1 - -2))/((-1766)/443266) is divided by 270?
268
Suppose -2*u - y = -6*u + 55, 4*u = -y + 57. Suppose 0 = -u*z + 5371 + 775. Calculate the remainder when z is divided by 88.
87
Let w = 17513 - 17420. Calculate the remainder when w is divided by 86.
7
Let r(x) = -x**2 - 12*x - 9. Suppose 0 = -22*w - 0 - 0. Suppose w = 5*l - 12*l + 105. What is the remainder when r(-7) is divided by l?
11
Let z(u) = 32*u - 1572. Calculate the remainder when 283 is divided by z(51).
43
Let u(x) = -x**3 + 55*x**2 - 33*x - 221. Calculate the remainder when u(54) is divided by 15.
13
Suppose 2*m + 0*m + 963 = -3*d, 0 = -3*m - d - 1441. Let b = m + 524. What is the remainder when 307 is divided by b?
43
What is the remainder when 186 is divided by -22*104/286 - 1*-89?
24
Suppose -122*q + 18147 - 3019 = 0. Calculate the remainder when 1557 is divided by q.
69
Let b = -325 + 330. Suppose 0 = -b*f + 6 + 54. Calculate the remainder when 47 is divided by f.
11
Calculate the remainder when 1461 is divided by (((-756)/16)/3)/((-159)/424).
33
Suppose -11*m = -7954 + 1574. Suppose 5*l = 2*k - 264, k + 3*l - m = -3*k. Calculate the remainder when k is divided by 48.
46
Let y be (-8)/(-5) + 10/25. Suppose 15 = w - y*z, 8*w - 6*w - 36 = z. Calculate the remainder when 55 is divided by w.
17
Suppose -18 = 3*k - 24. Suppose v - 79 = 3*b, k*v - 262 = -v + 4*b. Suppose -3*w = 12, 0*f + w = 2*f - v. Calculate the remainder when f is divided by 16.
13
Let k(g) = 47*g**2 - 124*g + 577. What is the remainder when k(5) is divided by 287?
271
Let f = -986 - -1004. What is the remainder when 1451 is divided by f?
11
Let d = 1044 + 226. Suppose 4*m = 14*m - d. What is the remainder when m is divided by 33?
28
Suppose -134*i + 136*i = 432. Suppose 48 = w - c, 8*w - c + i = 13*w. What is the remainder when w is divided by (10/(-25))/(1/(-40))?
12
Let w(j) = -5*j + 63. Suppose -16*i + 17*i = -26. What is the remainder when w(i) is divided by 15?
13
Let u = 2 + 7. Let p = -503 - -598. Suppose 98*h = p*h + 180. Calculate the remainder when h is divided by u.
6
Let f be 18 + -24 + 4*3. Suppose 2*k = -3*l + 378, k - f*l + 5*l - 184 = 0. Calculate the remainder when k is divided by 17.
16
What is the remainder when 730/4*2844/1185 is divided by 13?
9
Let t(n) = n**3 - 13*n**2 + n - 9. Let u be t(13). Suppose -2*l - 49 = -3*m + 76, 2*l = u*m - 166. Calculate the remainder when 202 is divided by m.
38
Let d(k) = 320*k + 1235. What is the remainder when d(0) is divided by 407?
14
Let m(x) = 114*x**2 + 8*x + 31. What is the remainder when m(-12) is divided by 74?
71
Let d(i) = -22*i**2 + 1. Let n be d(-2). Let b = 347 + n. Suppose -4*y + b = y. What is the remainder when y is divided by 20?
12
Let b be ((-10)/2)/((-2)/(4/2)). Suppose p + 74 = b*k, 5*k - 6*p = -3*p + 82. What is the remainder when 404/7 + ((-24)/k)/(-6) is divided by 10?
8
Let s = -525 - -439. Let h = 88 + s. What is the remainder when 19 is divided by h?
1
Let q be (-156)/(-9) - ((-10)/6 + 2). Let f = 5 + q. Let u = f - -8. What is the remainder when u is divided by 16?
14
Suppose 2*y = -4, 40*f = 43*f + 5*y - 491. What is the remainder when f is divided by 67?
33
Suppose s = -4*q + 94, 3*q + 3*s = -13 + 88. What is the remainder when 5404 is divided by q?
22
Suppose -4*g - i + 258 = 0, -33 - 34 = -g + i. Let h = -100624 - -100881. Calculate the remainder when h is divided by g.
62
Let u = 2386 - 1124. What is the remainder when u is divided by 115?
112
Let k(r) = -r + 304. Calculate the remainder when 772 is divided by k(113).
8
Let h be (2/(-3))/(4/18). Let u = h - -82. Let x(q) = -q**3 - 5*q**2 + 27. Calculate the remainder when u is divided by x(0).
25
What is the remainder when 1404 is divided by ((-1 + 2)*-2)/((-11)/(-627)*-1)?
36
Let t = 140 + -109. Suppose 0 = 14*o - t - 459. Calculate the r